et r = m - 216. What are the prime factors of r?
3, 17
Suppose 3*d + 2*l = 2326, 4*l - 20 = -0. List the prime factors of d.
2, 193
Let t be 1/2*44 + 2. Suppose -1 = -5*w + t. Suppose -w*c - 4*s = -203, -s - 2 = -2*s. What are the prime factors of c?
3, 13
Suppose -5*o + 8117 = 3*g, -9*o + 8*o + g = -1625. List the prime factors of o.
2, 7, 29
Let b(f) = 3*f**2 + 7*f + 5. Let c be b(-2). Suppose -231 = -o + 2*q, 0 = -o + c*q + q + 241. What are the prime factors of o?
13, 17
Let f be (-1)/(1/4) + 4. Suppose f = 4*q + 4*p - 156, -84 = 5*q - 4*p - 261. List the prime factors of q.
37
Let t = -1409 + 2696. What are the prime factors of t?
3, 11, 13
Let h = 805 - 682. What are the prime factors of h?
3, 41
What are the prime factors of -301*(-3 - 1/(-1))?
2, 7, 43
Let n be 10/(-8) + 10/40. Suppose 3*s - 6 = s, -j = -5*s + 6. What are the prime factors of (-3 + 2)/n*j?
3
Let q(m) = -121*m - 19. Let j(w) = 61*w + 10. Let p(x) = -5*j(x) - 3*q(x). What are the prime factors of p(1)?
5, 13
Let u(a) = -29*a**3 + 3*a + 30. List the prime factors of u(-5).
2, 5, 7, 13
Let y = -10 - -8. List the prime factors of -1*(-14 - (1 + y)).
13
Suppose -5*q - 4*d = -7*d - 1846, -2*q + 4*d = -744. What are the prime factors of q?
2, 23
Suppose -40 = -3*d - d. Let p be (d/(-1))/(-1) - -2. What are the prime factors of 1/(27/p + -2)?
2
Let l = -9 + 6. What are the prime factors of (-4)/2*21/l?
2, 7
Let y = 835 + -427. List the prime factors of y.
2, 3, 17
Let w = 2926 - -1941. List the prime factors of w.
31, 157
Let a(x) = 84*x**3 + 4*x**2 + 8*x - 12. What are the prime factors of a(3)?
2, 3, 193
Let p(n) = 5*n - 16. Suppose 4*s - 34 - 14 = 0. List the prime factors of p(s).
2, 11
Suppose -37*z = -40*z. Suppose z = 10*p - 11*p + 47. What are the prime factors of p?
47
What are the prime factors of ((-70)/(-140))/(-1 - (-1269)/1268)?
2, 317
Suppose 4*a - 8 = 0, -2*a = -5*n - 179 + 610. List the prime factors of n.
3, 29
Let o = -20 + 22. Suppose 338 = 3*l - o*q - 2*q, -3*l + 308 = 2*q. Suppose -l - 10 = -2*y. What are the prime factors of y?
2, 29
Let r be (6/4)/((-9)/(-42)). Let g(j) = -5*j + 3*j - r*j - 2*j**2 + j**2 + 7. What are the prime factors of g(-5)?
3
Let d be ((-2)/(-3))/(4/12). Suppose 19 = 4*v - u, -3*u + 15 = d*v + 2. Suppose -6*t + 6 = -v*t. List the prime factors of t.
2, 3
Let y = -18 - -8. Let m(l) = l**2 + 5*l - 4. What are the prime factors of m(y)?
2, 23
Let c = 117 - 95. Suppose 21*l + 132 = c*l. What are the prime factors of l?
2, 3, 11
Let w = 311 - 304. Let a(y) = -6 + y**3 - 2*y - y**2 - 5*y**2 - 3. What are the prime factors of a(w)?
2, 13
Let b be 4/18 - 5/90*-68. Suppose -b*l = 4*p - 240, -310 = -4*l - l + 5*p. What are the prime factors of l?
61
Let y(u) = -14*u - 2. Let d(q) = -2*q. Let o be d(1). Let z be y(o). Let i = z - 0. What are the prime factors of i?
2, 13
Let i be (24/(-3))/(-1) + -4. Suppose 0 = -i*v, x + 4*v - 128 = -18. List the prime factors of x.
2, 5, 11
Let o(i) = i**2 + 3*i - 19. Suppose -l = 2*x - 12, 4*x + 31 = 5*l - 1. What are the prime factors of o(l)?
3, 23
Suppose 1458 = -26*b + 28*b. Suppose 2*i - b = -i. List the prime factors of i.
3
Suppose 9*u = 4*u. Let b(p) = -p**2 - 2*p + 81. Let k(g) = -2*g**2 - 2*g + 82. Let y(w) = 3*b(w) - 2*k(w). List the prime factors of y(u).
79
Suppose 0 = -6*k + 7*k - 3. Suppose -3*m = k - 15. List the prime factors of ((-40)/(-14))/(m/70).
2, 5
Let q(m) = 1 - 5 + 7*m + 5 - 5. Suppose -2*b - 5*r = 7, -4 = -5*b + 3*r + 25. List the prime factors of q(b).
2, 3
Suppose 18 - 34 = -4*t. Suppose -949 = -t*j + 4*a - a, -a = 3*j - 715. What are the prime factors of j?
2, 7, 17
Let l(v) = v - 1. Let m be l(-5). Let y(g) = 8*g - 1 + 0 + 2*g**2 + 0. List the prime factors of y(m).
23
Suppose 2*g - 24 = 4*x, -3*g + g - 3*x = 11. Suppose 0*l = l + 2, -g*l - 18 = -k. List the prime factors of (-425)/(-35) - 2/k.
2, 3
Let h(y) = y**3 + 9*y**2 + y + 11. Let l be h(-9). Suppose -6 + 10 = -4*t. What are the prime factors of (-3 + -1)/(l/t)?
2
Suppose -2*u + 41 + 29 = 0. Let i = u - 13. List the prime factors of i.
2, 11
Let v = -23 + 57. Let b be (-4)/(-2)*v/4. Let p = b - -17. List the prime factors of p.
2, 17
List the prime factors of (-9)/((-108)/(-128))*(-81)/12.
2, 3
Let a = 24 + 1. Suppose g - 81 = -5*z + 1, 0 = 4*z + 2*g - 68. Let x = a - z. List the prime factors of x.
3
Let h(g) = 24*g**2 + g + 29. Let z(k) = 12*k**2 + k + 14. Let l(s) = -3*h(s) + 7*z(s). List the prime factors of l(4).
3, 73
Suppose -2*g - 7 = 5*z + 19, -2*g + 4 = 0. List the prime factors of 3*19 - (z + 4).
59
Suppose 723*t = 733*t - 28000. What are the prime factors of t?
2, 5, 7
Let o(z) = z - 7. Let g(n) = 5 - 6 + 0 - 1. Let u(k) = 8*g(k) - 3*o(k). List the prime factors of u(-5).
2, 5
Let a be (-1)/(-2)*(6 - 2). Suppose 5*s - 5*v - 28 - 7 = 0, 0 = 3*s + a*v - 6. Suppose 2*j + s*n - 34 = 0, -j - 9 = -3*j + n. What are the prime factors of j?
7
Let r = 2096 - 264. List the prime factors of r.
2, 229
Let k(q) = -2*q**2 + 18*q + 1592. What are the prime factors of k(0)?
2, 199
Suppose 3*p = -2*w + 7 - 35, 0 = 3*w - p + 20. Let h = 0 - 4. What are the prime factors of (w - -6)*(h + 2)?
2
Suppose -3*q - 7065 + 1779 = -3*y, 2*q = 4*y - 7050. What are the prime factors of y?
41, 43
Let s(f) = f**3 + f**2 + f + 1. Let l be s(-3). Let g = l + 14. Let n = g + 39. What are the prime factors of n?
3, 11
Let u be (-1)/(1 + 12/(-8)). Suppose u*v - 14 + 4 = 0. Suppose -v*z - 24 = -s, -8*z = 2*s - 3*z + 12. List the prime factors of s.
2
Let u be (589 + 2)*(11/3 - 1). Suppose -u = -2*c - 6*c. List the prime factors of c.
197
Let c(m) = 7*m + 57. What are the prime factors of c(32)?
281
Suppose 0 = 3*g + 15 - 6. What are the prime factors of (-91)/g + (-2)/(-3)?
31
Suppose 5*h = 5*q + 10, 5*q - 3*h + 4 = q. Suppose -q*z - 2*x + 52 = -0*x, x = z - 16. What are the prime factors of z?
3, 7
Suppose -7 = 6*j - 5*j. Let x(i) = 0*i - i - 3*i - 5. What are the prime factors of x(j)?
23
Let y(g) = -140*g + 331. List the prime factors of y(-12).
2011
Let i(m) = -11 + 0*m - 13*m + 8 - m**3 - 7 - 13*m**2. Let k be i(-12). Suppose 5*f = -n + 75, f - 143 = -2*n - k*f. What are the prime factors of n?
2, 5, 7
Suppose -4*r + 1372 = -3*r. What are the prime factors of (-4)/(-10) - r/(-20)?
3, 23
Suppose -4*g = 4*j - 28, -2*j + 0*j + 8 = -g. Suppose -2*c = 2, 4*z + g*c + 0 = 10. Suppose z = 3*w, 4*w = -5*x + 146 + 93. What are the prime factors of x?
47
Let h = -190 - -330. What are the prime factors of h?
2, 5, 7
Let v = -20 - -28. Let z be (-2)/v + 102/(-8). Let c = z + 31. List the prime factors of c.
2, 3
Let q = 5 - 5. Let h = 0 - q. What are the prime factors of 5/((-3)/(-9) - h)?
3, 5
List the prime factors of (-880)/((-24)/6) - 4.
2, 3
Suppose 0 = -2*h + 44 - 6. Suppose -h*r + 3*r = -4576. List the prime factors of r.
2, 11, 13
Let c = 829 + -90. What are the prime factors of c?
739
Suppose 0 = -2*p + 3*p - 25. Suppose 221 = -4*h + p. List the prime factors of (0 - h) + 54/(-18).
2, 23
Let y be 6/1 - (7 + -7). Suppose t = 4*x - 6, t + 0*x = -2*x + y. Suppose -t*w = -b + 3*b - 76, -w + 3*b + 54 = 0. What are the prime factors of w?
2, 3, 7
Let p(m) = 9*m**2 - 22*m - 13. List the prime factors of p(8).
3, 43
Suppose -5265 = -4*n + j, 5270 = 4*n - 14*j + 12*j. What are the prime factors of n?
5, 263
Suppose 2*z = 3*d + 11 - 0, -38 = 4*d + 2*z. Let t be 1/d + (-10984)/(-56). Suppose -k = -5*c + t, 2*k + k - 212 = -5*c. What are the prime factors of c?
2, 5
Suppose -15*l + 112 = l. What are the prime factors of (-2)/l + 1287/21?
61
Let k = -64 + 85. List the prime factors of k/(-2)*1*(-80)/15.
2, 7
Let r(s) = -20 + 5 - 19*s + 0 - 15. What are the prime factors of r(-7)?
103
Suppose 0 = 9*h - h - 304. Suppose -11*z + h = -138. List the prime factors of z.
2
Suppose -3*t - 1 = -133. Suppose -2*p = -10, u = -4*p + t + 84. List the prime factors of u.
2, 3
Let t(r) = 10*r + 17. Suppose 5*s = 4*o - 22 + 10, -16 = -3*o + 2*s. List the prime factors of t(o).
97
Let i(x) = x**2 + 3*x + 1. Let o(g) = -g**2 - 4*g + 6. Let u(r) = -2*r + 4. Let j be u(5). Let v be o(j). What are the prime factors of i(v)?
19
Let n(s) = -11*s + 14*s**2 + s**2 - 16*s**2 + 3. Let m be 26/(-4) - (-1)/2. What are the prime factors of n(m)?
3, 11
Let m(c) = c**3 + 17*c**2 + 18